16 + 9/((-648)/9). Suppose 0 = 7*r + o*r - 144. Calculate the highest common factor of r and 176.
16
Let y = 253 + -22. Suppose 0 = 2*p - 6031 + 5905. Calculate the greatest common divisor of p and y.
21
Suppose 25*h - 36*h = -5808. Suppose 5*a - 27*a + h = 0. Calculate the highest common factor of 24 and a.
24
Let y = 61 + -73. Let q(m) = -7*m + 46. Let v be q(y). Calculate the highest common divisor of 10 and v.
10
Let g(h) = 10*h**2 + 4*h + 1. Let x be g(1). Suppose x*k - 431 = 49. What is the highest common divisor of k and 72?
8
Let c(m) = -m**2 - 45*m - 262. Let l be c(-11). Calculate the highest common factor of l and 14.
14
Suppose z + 103 = 6*z + 3*h, 3*h = -2*z + 43. Suppose 12*w - z = 7*w. Suppose -w*x = -9 - 91. Calculate the highest common factor of x and 25.
25
Let k be (-70)/42 - (-32)/3. Let a be (-108)/(-28) + (-2)/(-14). Suppose a*o = 142 + 2. What is the highest common divisor of o and k?
9
Let m(o) = -o**3 + 40*o**2 - 178*o + 75. Let t be m(33). What is the greatest common divisor of t and 816?
48
Let r be (-1274)/147*(-9 + 3 + 3). Let m(y) = -y**2 + 156. Let i be m(0). Calculate the greatest common divisor of i and r.
26
Let b(g) = 8 + g + 11 + 1. Let q be b(-6). Suppose -5*a = -3*c + 358, c - 4*c + 374 = -a. What is the highest common divisor of c and q?
14
Suppose 376 = 4*c + 56. Suppose 28*v - 27*v - 10 = 0. What is the highest common factor of v and c?
10
Let j(l) = -l**3 + 6*l**2 - 4*l + 3. Let a = -23 - -28. Let q be j(a). Suppose 0 = 3*s - q - 4. What is the greatest common divisor of s and 20?
4
Let l be (-25)/6 + (-6 - -7)/6. Let w be 39/((-5)/(60/46) - l). Let v be (-21 - (1 - 4))/(-1). What is the greatest common divisor of w and v?
18
Suppose -2*k + 5*h = -63, -17*k - h = -21*k + 153. What is the greatest common factor of k and 294?
3
Suppose -4 = -4*c, 21*m - 20*m + 3*c - 15 = 0. What is the greatest common divisor of m and 16?
4
Let j(k) = 236*k + 1557. Let o be j(26). Calculate the greatest common divisor of o and 196.
49
Suppose 0 = -5*j - 4*z - 34, 0 = -2*j - 4*z - 0*z - 4. Let g be (j/8)/(33/(-1188)). What is the greatest common divisor of g and 72?
9
Suppose 23 = 3*j - 37. Suppose 0 = 5*b - 4*d - 139, -5*d + 23 = b - d. Let v be -2 - ((-24)/(-18))/((-3)/b). What is the greatest common divisor of v and j?
10
Suppose 0 = 2*a - 29 + 161. Let v = a - -122. Let c be 6/(12/2) + 1*6. What is the highest common factor of v and c?
7
Let x = -5795 - -9081. Calculate the greatest common factor of 62 and x.
62
Let h(j) = -160*j - 9712. Let f be h(-61). What is the greatest common divisor of 4016 and f?
16
Let b(d) be the second derivative of -d**4/12 + 17*d**3/6 + 21*d**2/2 - 12*d + 5. Let s be b(14). What is the highest common divisor of 63 and s?
63
Let z(o) = o**3 + 36*o**2 - 124*o - 233. Let h be z(-39). What is the greatest common divisor of h and 24?
8
Let m(k) = -106 + k**2 + 3*k - 6*k + 93. Let f be m(-3). Calculate the greatest common factor of f and 1.
1
Suppose 59*u - 22*u = -52*u + 66750. Calculate the greatest common divisor of u and 60.
30
Suppose 15*x - 3 = 117. Let r be -2 + (-12)/(-3) + 115. Let t = r + -61. Calculate the highest common divisor of t and x.
8
Let a be (-55)/10*-6*13. Let d be (-22)/55 + 864/10. Suppose -2*w - 2*c + d = 0, w - 4*c = 4*w - 133. Calculate the highest common factor of a and w.
39
Suppose 2 = -3*c + 5*j + 41, -2*j = -4*c + 66. Suppose 247 + 59 = c*b. What is the greatest common divisor of 187 and b?
17
Suppose 4*l + 2 = 22. Suppose -2*x = -l*w - 0 + 4, 2 = -w - x. Suppose w = 4*k - 11 - 145. Calculate the highest common divisor of 52 and k.
13
Let h(d) = 49*d**2 - 99*d**2 + 5*d + 9*d - 9 + 51*d**2. Let k be h(-17). Calculate the greatest common divisor of 56 and k.
14
Let a = -8102 + 8104. What is the highest common factor of a and 443?
1
Let y(u) = 2*u**2 + 27*u - 4. Let x(p) = -3*p**2 - 41*p + 6. Let k(l) = -5*x(l) - 8*y(l). Let m be k(-10). What is the highest common divisor of m and 18?
6
Suppose 4*w - 12 - 8 = 0. Suppose -67 = -d + 4*j, -2*j - 31 = -w*d + 214. What is the highest common divisor of 188 and d?
47
Let a = -1271 + 1320. What is the highest common divisor of a and 1911?
49
Let v = 1035 + -433. Suppose -96*r = -98*r + v. Calculate the highest common factor of r and 129.
43
Suppose 0 = q + 9*q - 30. Let p be (-1)/q*3 + 651. What is the highest common divisor of p and 26?
26
Suppose 2*a = 6*a - 12. Suppose -16*v + 14*v + 2*f + 6 = 0, -5*v + 2*f + 27 = 0. Suppose 0 = -v*k + a + 18. Calculate the highest common factor of 33 and k.
3
Suppose 0 = 3*g - 23 - 49. Suppose -52 = -2*j + g. Let k(c) = -c**3 - c**2 - c + 76. Let s be k(0). What is the greatest common factor of j and s?
38
Let l = 58 - -212. Suppose -5*a + 55 = -0*k + 5*k, 20 = a + 4*k. Suppose y - l = -a*y. Calculate the greatest common factor of y and 6.
6
Suppose -5*j = -2*v - 54, 4*j + 18 = 2*v + 60. Let r(x) = 5*x**3 - 9*x**2 - 7*x + 15. Let y be r(3). Calculate the highest common factor of j and y.
12
Suppose -600*y = -440*y - 16000. What is the highest common divisor of 146 and y?
2
Let x be ((-1)/1)/(2/(-22)). Suppose 405*c - 98171 = -23922 + 68311. What is the greatest common factor of c and x?
11
Let z(f) = -3*f**3 - 4*f**2 + 4*f + 7. Suppose -8*m + 27 = 59. Let x be z(m). Let q be ((-51)/9)/((-3)/9). Calculate the highest common factor of x and q.
17
Let k be 2/3 - (-673218)/1053. Calculate the greatest common factor of 560 and k.
80
Let m = 38091 - 10702. What is the greatest common divisor of m and 61?
61
Suppose 603 = 5*l + 108. Suppose 52*h - 46*h = 24. Suppose 0 = h*r - 9*r + 55. What is the highest common divisor of r and l?
11
Let a = 277 + -165. Let i = 435 - a. What is the highest common factor of 19 and i?
19
Let k(r) = r**2 - 11*r - 31. Let y = 77 + -63. Let c be k(y). Let q(m) = 6*m + 12. Let n be q(c). Calculate the greatest common divisor of 52 and n.
26
Suppose -4*w + 4*h = -3984, 12*w - 14*w - h = -2007. Let q = -707 + w. Calculate the greatest common divisor of q and 6.
6
Let r be 72/20 - 6/(-15). Suppose -2*g = -5*b - g - 8, -r*b = -3*g + 2. Let p be 14*b*15/(-30). Calculate the highest common divisor of p and 98.
14
Let j be 0/(1 - 3) + 69. Suppose 0 = -782*i + 775*i + 805. What is the greatest common factor of i and j?
23
Let r(t) = 2*t**2 + 2. Let x be r(3). Let m = 5 - 5. Suppose z - 71 - 29 = m. Calculate the highest common factor of z and x.
20
Let i(j) = -13*j - 113. Let n = -315 + 306. Let s be i(n). Calculate the highest common factor of 156 and s.
4
Let j = -3180 - -5880. Calculate the highest common divisor of 45 and j.
45
Let y be -2 + (-1 - -2) - (-13 - -9). Suppose 5*d - y*k - 156 = 0, 4*k + 7 = d - 14. What is the greatest common divisor of 297 and d?
33
Let v(t) = t**3 + 10*t**2 + 6*t - 22. Let f be v(-9). Let k = f + 19. Let y = -2 - -5. What is the greatest common factor of k and y?
3
Let q(x) = 3*x**2 - 4*x - 3. Let c be q(-5). Let v(f) = 2366*f - 20. Let b be v(1). Suppose -65*d = -48*d - b. What is the greatest common factor of c and d?
46
Suppose 28 = -3*x + 130. Suppose 3*q - x - 128 = 0. Suppose -3*b + q + 414 = -2*k, k = 3*b - 465. What is the highest common divisor of b and 14?
14
Suppose -368*l - 88 = -372*l. Let p(f) = 1 - 7 - 5 - 3 + f. Let x be p(l). Calculate the greatest common factor of x and 2.
2
Let h(u) = u**3 + 38*u**2 + 4*u - 1655. Let o be h(-35). What is the greatest common divisor of o and 4465?
235
Let y be (-12)/21*(4 - (-9 + 20)). Suppose y*l + 605 = 5*z, -4*z - 3*l + 448 = l. What is the greatest common factor of z and 13?
13
Let k(p) = -19*p + 40. Let d be k(0). Let m be (d/(-24))/((-35)/546). Calculate the greatest common divisor of 286 and m.
26
Let y(b) be the third derivative of -b**4/24 + b**2. Let m be y(-5). Let t = -1985 + 2000. What is the highest common divisor of m and t?
5
Let b = -5 + 16. Suppose -21 = 4*n + 5*w, n + n + 2*w + 10 = 0. Let g be -12*(91/(-12) + (-1)/n). What is the highest common factor of g and b?
11
Let y(f) = 150*f**2 + 4*f - 2. Let z be y(1). Let m = 3 + 16. What is the highest common divisor of m and z?
19
Suppose 0 = -12*r + 10*r + 10. Suppose 5*o - 5 = r. Suppose 50 = 5*g - 3*v, 13 = o*g + 5*v - 7. What is the highest common divisor of g and 2?
2
Let p(n) = 7*n + 101. Let x be p(-6). Suppos